). Let n = j + -126. What is the units digit of n?
0
Suppose 137040 = -c - 3*c + 19*c. What is the thousands digit of c?
9
Let f = 12753 + -3651. What is the units digit of f?
2
Suppose 4*j + 2*o = 7*o + 11, -3*j = -o - 11. Let p(c) = c - 7*c**2 + 14 - 33*c**2 + 39*c**2. What is the units digit of p(j)?
2
Suppose 7*u - 10*u = -9. Suppose -c = -3, u*h + 31 = 5*h + 5*c. What is the units digit of (1353/(-44))/((-3)/h)?
2
Let n = 36 - -19. Let o = n + -53. Suppose -o*j - 62 = -7*j - 4*u, 5*j - 2*u = 74. What is the tens digit of j?
1
Let u = 76 - -142. Let h = u + 225. What is the units digit of h?
3
Suppose -35 = 5*x, -4*x + 4186 = c - 12734. What is the tens digit of c?
4
Suppose d + 4237 - 15914 = 0. What is the thousands digit of d?
1
Suppose -26*m - 22 = -37*m. Let z(p) = 61*p**3 - 3*p**2 + 10*p - 12. What is the hundreds digit of z(m)?
4
Suppose 3*g + 4*m - 87269 = 0, -5*m = 7*g - 4*g - 87268. What is the ten thousands digit of g?
2
Suppose 13*x = 7*x + 86280. Suppose -32*a = -22*a - x. What is the hundreds digit of a?
4
Let m = -281 + 632. Suppose 4*t + m - 1703 = 0. What is the tens digit of t?
3
Let r = -167 + 88. Let i = r - -271. Suppose -3*l = -0*l + 15, 0 = -t - 5*l + i. What is the hundreds digit of t?
2
Let x(i) = -i - 31. Let k(c) be the second derivative of 2*c**3/3 + 46*c**2 + 14*c. Let v(p) = 3*k(p) + 8*x(p). What is the units digit of v(0)?
8
Let g = 78 + 2. Let z = 153 + -26. Let j = z + g. What is the tens digit of j?
0
What is the ten thousands digit of ((-13473)/5988)/((2/2)/(-18804))?
4
Let q(a) = -23093*a - 480. What is the hundreds digit of q(-2)?
7
Suppose -3*n - 3*t = 0, n - 2 = 2*t + 4. Suppose 0 = -5*x + 4*f + 856, -n*f = 3*f - 5. Suppose -18*p + 16*p = -x. What is the units digit of p?
6
Let i be 2 + 68/(-28) - 242/7. Let v = i + 197. What is the units digit of v?
2
Suppose 4*t - 4 = 2*p, 3*t - 17 = -0*p - 2*p. Suppose 0*h + t*h = 30. What is the units digit of 804/h + (-6)/15*1?
0
Let w(p) = 1587*p - 1646. What is the hundreds digit of w(3)?
1
Let o be (28/14)/(3/6654). Suppose -r = 4*d - o, 5*d - r - r = 5558. What is the tens digit of d?
1
Let n = 213 - 614. Let v be 3/(-1 - 0) - n. Let p = v + -229. What is the tens digit of p?
6
Suppose -136722 = -4*g - t, 0 = 6*g + 9*t - 8*t - 205080. What is the hundreds digit of g?
1
Suppose 3*c = 5*m + 2742, 5*c - 13*m = 3152 + 1446. What is the units digit of c?
4
Suppose -7*q - 18 = -10*q. Suppose -4884 = q*k - 17*k. What is the units digit of k?
4
Suppose 20*t + 1499 = 17*t + 25847. What is the units digit of t?
6
Let k(u) = 2*u - 23. Let j be k(9). What is the units digit of j + -42*48/(-18)?
7
Suppose 3*b - 451 + 466 = 0, 3*b = -5*z + 374790. What is the tens digit of z?
6
What is the tens digit of 1647/427 + 12/(-14) - -8068?
7
Let u(d) = 412*d**2 - 2*d - 363. What is the units digit of u(-7)?
9
Let g = -47 - -54. Let k = g + 3. Suppose 2*q - 1092 = -k*q. What is the units digit of q?
1
Let l = -9 - -11. Let g = 164 + -160. Suppose -g*a + 372 = l*f, -4 + 2 = 2*a. What is the tens digit of f?
8
Let i(k) = -124*k + 40. Let x be i(-2). Suppose a + 3 = 2*a, -m = -5*a - 85. Let t = x - m. What is the units digit of t?
8
Suppose 26387 - 10433 = 3*q. Suppose 2764 = 9*p - q. What is the hundreds digit of p?
8
Suppose -253*j + 7392321 = 736639 - 2200836. What is the ten thousands digit of j?
3
Let m(h) = 5*h + 9. Let g be m(-3). Let w be (((-9)/g)/(-1))/(2/(-12)). What is the tens digit of ((w - 1) + -3)*134/5?
3
Let j = 1721 + -536. Suppose 13*s - 1168 - j = 0. What is the units digit of s?
1
Suppose 4*n - 2*n - 8 = 0, -j - 5 = -2*n. Suppose 0*g - 15 = -3*g, 0 = -j*l - 3*g + 9. Let t(s) = -6*s**3 + s**2 - s + 2. What is the tens digit of t(l)?
5
Let s(a) = 109*a**2 + 4*a + 9. Let m be s(-2). Suppose d + m = 3*v, 3*d - 310 = -2*v - d. What is the tens digit of v?
4
Let s(q) = 354*q**2 + 88*q - 97. What is the ten thousands digit of s(9)?
2
Suppose 3*g - 3 = 0, 8*f - 482 = 4*f - 2*g. Let o = 122 - f. Suppose -4*i + o*y = -968, 3*y + 369 = 5*i - 841. What is the tens digit of i?
4
Suppose 5*y - 653 = 962. Let d = y + -212. What is the hundreds digit of d?
1
Let l(i) = -i**3 - 75*i**2 + 46*i + 210. What is the hundreds digit of l(-77)?
5
Suppose 139 = -17*y - 167. Let j(d) = -25*d - 126. What is the hundreds digit of j(y)?
3
Let h be (-3)/(1 + -7)*(-4 + 10). Suppose h*q - 138 = 12. Let j = 142 - q. What is the tens digit of j?
9
Let b(h) = -4*h**3 + 20*h**2 - 10*h + 3. What is the tens digit of b(-8)?
1
Let y = -41 + 51. Let w(v) = 4*v**2 - 6*v + 14. Let z be w(y). Suppose -4*o = -z - 182. What is the hundreds digit of o?
1
Let j(o) = 0*o + 14 - o**2 + 4*o - o - 2*o. Let a be j(4). Suppose -8*k + a = -22. What is the units digit of k?
3
Let d = -39 - -39. Suppose 4*r - 15 + 3 = d. Suppose -z + r = -20. What is the units digit of z?
3
Let o(k) = 3 + 3*k + 47*k**2 - 5 - 2 - 4. What is the tens digit of o(-3)?
0
Suppose x - 8299 = -2*z, 19087 + 1648 = 5*z + 5*x. What is the hundreds digit of z?
1
Let k be -87 - 3*(-2)/6. Let n(p) = -35*p**2 + p - 1. Let y be n(1). Let v = y - k. What is the tens digit of v?
5
Let r(q) be the first derivative of 422*q**3/3 - 2*q**2 - q - 40. What is the hundreds digit of r(1)?
4
Let y(z) = 20507*z + 6762. What is the thousands digit of y(3)?
8
Suppose 1614773 + 7964767 = 235*b. What is the hundreds digit of b?
7
Let i(m) = m**3 + 46*m**2 - 18*m - 135. Let z be (-16)/(96/275) - 1/6. What is the units digit of i(z)?
3
Let n(m) = 42 + 41 + 3*m - 83. Let y be n(2). Suppose -w + y*w = 335. What is the tens digit of w?
6
Let z(d) = 131*d - 260. Let y(n) = -263*n + 519. Let t(k) = -3*y(k) - 5*z(k). What is the hundreds digit of t(8)?
8
Let u(t) = 52*t - 443. What is the hundreds digit of u(21)?
6
Let v = 30 - 15. Let t(g) = g**2 + 11 + 5*g + g**3 + v - 4*g. What is the units digit of t(0)?
6
Let c(s) = s**3 - 8*s**2 - 31*s - 22. Let y be c(11). Suppose -5*t = 5*l - 4570, -4*t - 5*l = -y*l - 3659. What is the units digit of t?
1
Let t = -102 + 307. Suppose -t = -v + 936. What is the hundreds digit of v?
1
Suppose 21*b = -0*b - 12306. What is the tens digit of -7*(-16)/392 + b/(-7)?
8
Let y(l) = 127*l**2 - 2*l + 1. Let u(k) = -13*k - 25 + 4*k + 11*k. Let n be u(13). What is the units digit of y(n)?
6
Suppose -10*n + 47 = -3. Suppose 7*v - 132 = n*v. Let q = 331 - v. What is the tens digit of q?
6
Suppose -266*y + 269*y = 25029. What is the hundreds digit of y?
3
Let n(v) = -v**3 + 24*v**2 + 24*v + 21. Let d be n(25). Let y(o) = o**2 - o - 6. Let u be y(-7). Let m = d + u. What is the tens digit of m?
4
Let t(b) = -22*b**3 - 14*b**2 + 18*b + 136. What is the thousands digit of t(-7)?
6
Suppose -13*s + 523885 - 295 = 82838. What is the units digit of s?
4
Let j be (-1 + 0)/(-3)*(21 - 0). Suppose 2*h - j*h = 3*k - 1296, -h + 430 = k. What is the hundreds digit of k?
4
Let h be (4 - 1)/(-3)*-15. Let l(u) = u - 1. Let m(g) = 20*g - 20. Let w(x) = -16*l(x) + m(x). What is the units digit of w(h)?
6
Let o(i) = -24*i + 22. Let r(q) = 2*q - 26. Let w be r(15). Let u be (1 - 6/w)/((-12)/(-144)). What is the units digit of o(u)?
6
Let p = -3385 + 6993. Suppose p = 28*v - 2020. What is the units digit of v?
1
Suppose -3*b = -3*s - 12, -3*s + 2*b - 13 = -6*s. What is the tens digit of (-1970)/(-20) + s/(-2)?
9
Suppose 32*u + 231744 = 96*u. What is the tens digit of u?
2
Suppose 2*f + 3*x = 3*f + 145, 0 = -4*f + 4*x - 612. Let s = f + 202. What is the tens digit of s?
4
Let v(z) = z**3 + 11*z**2 - 16*z + 55. What is the hundreds digit of v(11)?
5
Let k = -78 + 75. What is the units digit of 145/k*(-432)/24?
0
Let j(n) = -n**3 + 15*n**2 - 5*n + 26. Suppose 200*d - 205*d + 60 = 0. What is the units digit of j(d)?
8
Let u(d) = -1009*d - 2417. What is the tens digit of u(-4)?
1
Let j = -117 - -123. Suppose 2*w - 3082 = 3*f, 2*w + f = j*w - 6144. What is the hundreds digit of w?
5
Let s(v) = 0*v - 2 - 2*v**3 - 5*v**2 + 9 - 4*v. Suppose -2*d + 5*g = 13, 3 = d - 3*d - 5*g. What is the units digit of s(d)?
1
Let q = -771 + 916. Let f(k) = 12*k - 4. Let z be f(2). Let u = z + q. What is the units digit of u?
5
Suppose 4*q + f - 23533 = -0*f, 3*f = 2*q - 11777. What is the units digit of q?
4
Suppose -20 = -5*b, 3*d + b + 94 = 2*b. Suppose 33 + 12 = v. Let t = d + v. What is t